t is -20 - 21112?
-21202
In base 6, what is 0 - -5133?
5133
In base 2, what is -1001011 + -1011010?
-10100101
In base 10, what is 33 - -26?
59
In base 7, what is 1052 - 1?
1051
In base 9, what is -4 - 71?
-75
In base 5, what is -4 + 143?
134
In base 7, what is 11 - 350?
-336
In base 8, what is -175 + -5?
-202
In base 3, what is -211 + -2?
-220
In base 10, what is -17449 + -4?
-17453
In base 11, what is a89 + -2?
a87
In base 5, what is -41 + -30?
-121
In base 11, what is -12 + a3?
91
In base 15, what is 4 + 6b?
70
In base 4, what is 0 - 12?
-12
In base 10, what is -16 - -22?
6
In base 7, what is -3 - 2051?
-2054
In base 14, what is 3 - -3a5?
3a8
In base 16, what is 26b + 2?
26d
In base 6, what is 1411 - 3?
1404
In base 11, what is -4 + -67?
-70
In base 5, what is -10 - 123?
-133
In base 6, what is 1 + 10?
11
In base 13, what is -1449 + -4?
-1450
In base 13, what is -450 - -8?
-445
In base 6, what is 2114 - -2?
2120
In base 2, what is -10000100110 - 0?
-10000100110
In base 3, what is -1211 - 121?
-2102
In base 10, what is -2 - 48?
-50
In base 16, what is -207 + 6?
-201
In base 13, what is 13 - 5?
b
In base 15, what is 4 - 251?
-24c
In base 10, what is -3 + -46?
-49
In base 8, what is -74 + 77?
3
In base 11, what is 3 - 53?
-50
In base 13, what is -1090 - 1?
-1091
In base 10, what is -342 - 81?
-423
In base 4, what is 2 - -3?
11
In base 16, what is 4 - -31?
35
In base 4, what is -300 + -11?
-311
In base 8, what is 336 + 0?
336
In base 4, what is -12 + 1231?
1213
In base 6, what is -1 + 1?
0
In base 5, what is 23320 + 2?
23322
In base 10, what is -41 + 65?
24
In base 14, what is 8 - 3a0?
-396
In base 14, what is 65 + -5?
60
In base 5, what is 301 + -431?
-130
In base 16, what is 49 - -4b?
94
In base 15, what is 1e - -5?
24
In base 4, what is -1313 + 1?
-1312
In base 8, what is 1000 + 2?
1002
In base 9, what is 234 + -12?
222
In base 2, what is -1110 + 100100000?
100010010
In base 2, what is 11 - -1010110100?
1010110111
In base 6, what is 242 + 4?
250
In base 5, what is 2 + 0?
2
In base 6, what is 11 - -100?
111
In base 6, what is 5 + -1150?
-1141
In base 13, what is -29 + 32?
6
In base 12, what is 0 + -9?
-9
In base 12, what is -2 + -27?
-29
In base 10, what is -84 - 2?
-86
In base 15, what is 2c9 + -2?
2c7
In base 12, what is -5a51 + 5?
-5a48
In base 15, what is e29 + 3?
e2c
In base 3, what is 12 + -2202011?
-2201222
In base 2, what is 111110110011 - -10?
111110110101
In base 16, what is -bd - -4?
-b9
In base 9, what is -68 - -5?
-63
In base 8, what is 112 + -7?
103
In base 6, what is 4503 - 3?
4500
In base 9, what is -482 + 26?
-455
In base 4, what is -11 + -1023?
-1100
In base 11, what is -11 + 3?
-9
In base 5, what is -40 - -3?
-32
In base 7, what is 4 - 1640?
-1633
In base 6, what is -22 - -112?
50
In base 6, what is -5 - 44?
-53
In base 16, what is -5 - -1427?
1422
In base 12, what is -2 - -56?
54
In base 13, what is 12 - -c?
21
In base 3, what is 11211 + 10002?
21220
In base 10, what is -1 - -254?
253
In base 14, what is 4 - 35?
-31
In base 6, what is -3355 - 13?
-3412
In base 4, what is -1233 - 11?
-1310
In base 5, what is 421 - 2?
414
In base 14, what is cd + 0?
cd
In base 14, what is 170 - -2?
172
In base 12, what is 17 + -26?
-b
In base 4, what is -10 + -10132?
-10202
In base 7, what is 0 + 3165?
3165
In base 6, what is 13 + -2?
11
In base 3, what is 12 + -2112?
-2100
In base 14, what is -82 - -5?
-7b
In base 9, what is 7247 + 5?
7253
In base 10, what is 66 + -1?
65
In base 11, what is 47 - 12?
35
In base 11, what is -4a6 + -3?
-4a9
In base 9, what is 15 + 5?
21
In base 3, what is -101 - -111?
10
In base 13, what is 28 + -38?
-10
In base 12, what is -50a0 - 4?
-50a4
In base 2, what is -1000001 - 11?
-1000100
In base 13, what is 3 + 25?
28
In base 8, what is 1254 - -4?
1260
In base 3, what is 1 + 2?
10
In base 14, what is 6 + 9c?
a4
In base 8, what is 2 + -276?
-274
In base 10, what is -64 - 31?
-95
In base 6, what is 1 + -143?
-142
In base 11, what is 2 - -17?
19
In base 6, what is 30 + 345?
415
In base 11, what is -18 + -116?
-133
In base 10, what is 126 - -61?
187
In base 4, what is -1311 + -2?
-1313
In base 4, what is -120 + -21?
-201
In base 10, what is 0 - 1628?
-1628
In base 7, what is 1 + 261?
262
In base 12, what is 237 + 1?
238
In base 6, what is -3 + -400?
-403
In base 9, what is 3 + -206?
-203
In base 14, what is 0 - -d?
d
In base 15, what is -d - -1c?
e
In base 11, what is 523 + 4?
527
In base 7, what is 1313 - 3?
1310
In base 7, what is -2612 + -5?
-2620
In base 14, what is 3 + -394?
-391
In base 7, what is -5 + -200?
-205
In base 9, what is -3 + -565?
-568
In base 15, what is -1 - -d?
c
In base 6, what is -1 - -3015?
3014
In base 4, what is -10213 + 11?
-10202
In base 7, what is -404 + -5?
-412
In base 14, what is -4 + 2?
-2
In base 3, what is 201 - -1010?
1211
In base 8, what is 0 + -274?
-274
In base 14, what is 4 + 93?
97
In base 8, what is 2 - 555?
-553
In base 10, what is -1161 + -2?
-1163
In base 8, what is 131 - 20?
111
In base 12, what is 38 - 14?
24
In base 8, what is 2230 - -13?
2243
In base 11, what is a83 - 4?
a7a
In base 15, what is -342 - 1?
-343
In base 9, what is 223 - 5?
217
In base 7, what is 166 + 0?
166
In base 15, what is 3 + -13d?
-13a
In base 8, what is 3 - -462?
465
In base 10, what is -22 - -6?
-16
In base 11, what is 3 - 68a?
-687
In base 2, what is -10001100 + -1110?
-10011010
In base 13, what is 5 - -6?
b
In base 12, what is 1 + -2a?
-29
In base 10, what is -5 - -520?
515
In base 15, what is -2 + 1254?
1252
In base 2, what is -111 - 101101010?
-101110001
In base 7, what is -22522 + 5?
-22514
In base 13, what is 5 + -8ba?
-8b5
In base 11, what is a + 32?
41
In base 3, what is 210120121 - 12?
210120102
In base 5, what is -40404 - -4?
-40400
In base 8, what is -6 - -25?
17
In base 12, what is 559b + -5?
5596
In base 11, what is -32 + 9a?
68
In base 3, what is 12 - -1002000?
1002012
In base 8, what is 1144 + 3?
1147
In base 10, what is 1 + -325?
-324
In base 3, what is 2212 - 1012?
1200
In base 10, what is -33 - -36?
3
In base 11, what is 8 - 1090?
-1083
In base 12, what is a57 - -5?
a60
In base 16, what is 101 - -e?
10f
In base 4, what is 3 + -132010?
-132001
In base 15, what is -25 - 9?
-2e
In base 15, what is e5 + -3?
e2
In base 4, what is 2 + -213?
-211
In base 2, what is -110 - -111000?
110010
In base 10, what is -44 - -2?
-42
In base 15, what is 5 - 1?
4
In base 16, what is -26f + -2c?
-29b
In base 11, what is 5 + 5?
a
In base 6, what is -225 - -1?
-224
In base 2, what is -1000 - 10101?
-11101
In base 16, what is -10 + 2?
-e
In base 12, what is -4 + -1195?
-1199
In base 16, what is -8f - -2?
-8d
In base 2, what is 11 - -1100?
1111
In base 13, what is 14 - 3?
11
In base 12, what is -72 - -1?
-71
In base 14, what is -8 + -13?
-1b
In base 13, what is -658 - 2?
-65a
In base 10, what is 37 + 58?
95
In base 12, what is 280 + -3?
279
In base 4, what is 0 + 33000?
33000
In base 7, what is -4101 + 3?
-4065
In base 12, what is -27a + 3?
-277
In base 11, what is 1a0 - 0?
1a0
In base 15, what is 51 + -5?
4b
In base 5, what is -20 - -3?
-12
In base 2, what is 1001 + -100110011?
-100101010
In base 2, what is 10011111101 + 1?
10011111110
In base 11, what is 2 - 60?
-59
In base 6, what is -123 + -4?
-131
In base 16, what is 4 - 6b?
-67
In base 11, what is 21 - 3?
19
In base 13, what is -8b + 4?
-87
In base 2, what is -10 - 1110110?
-1111000
In base 5, what is -12 + -24?
-41
In base 9, what is -8 - 55?
-64
In base 11, what is 15a - 1?
159
In base 9, what is 202 + -6?
185
In base 4, what is 11 + 1212100?
1212111
In base 16, what is -2 - 168?
-16a
In base 16, what is 6 + 0?
6
In base 5, what is 302 + -1120?
-313
In base 4, what is 2120 - -1?
2121
In base 6, what is -20 - -1052?
1032
In base 15, what is -411 + 0?
-411
In base 10, what is 1111 + -4?
1107
In base 8, what is -10607 + 3?
-10604
In base 11, what is -a - 0?
-a
In base 2, what is -1111 - 11010001?
-11100000
In base 6, what is 5 + -513?
-504
In base 16, what is 1 + 12?
13
In base 8, what is -31 + 3?
-26
In base 15, what is -3 + -4b?
-4e
In base 9, what is 148 - -14?
163
In base 14, what is 1d1 - -4?
1d5
In base 3, what is -2 - 2020011?
-2020020
In base 8, what is 0 + -171?
-171
In base 16, what is -4 + -5?
-9
In base 4, what is -100 + -2?
-102
In ba